uppose -v + 4*v + p = n, -p + 8 = 2*v. What is the units digit of ((-48)/18)/((-4)/v)?
4
Suppose -662*c + 655*c + 4473 = 0. What is the tens digit of c?
3
What is the hundreds digit of (-38479)/(-46) + (-1)/2?
8
Let n(b) = 2*b + 28. Suppose -u + 2*u = -2, -z + 4*u + 5 = 0. Let d(i) = -3*i - 55. Let q(o) = z*d(o) - 5*n(o). What is the tens digit of q(0)?
2
Suppose -k + w = -1783, 4574 = 5*k + 4*w - 4386. What is the units digit of k?
8
Suppose 4500 + 5184 = 6*j. What is the tens digit of j?
1
Suppose 0 = 6*j - 20 - 4. Suppose 0 = -9*n - j + 31. What is the units digit of n?
3
Suppose 3*l = -109 + 1108. What is the hundreds digit of l?
3
Let v = 13 - 11. Suppose -3*k - v*m + 56 = -4*m, 0 = k - 2*m - 12. What is the units digit of k/((2 - 1)/1)?
2
Suppose 4*y = -12, -2*y - 705 = -2*g - y. What is the hundreds digit of g?
3
Suppose 0 = 5*g + s - 19185, -4*g = 2*s - 12760 - 2594. What is the units digit of g?
6
Let w(o) = 61*o**2 + o - 124. What is the units digit of w(-7)?
8
Suppose 5*n - 144 = -2*p, -4*n - 3*p + 141 = n. Suppose 180 = 12*j - 8*j. Let x = j - n. What is the units digit of x?
5
Let y(f) = -f**3 + f**2 - f + 46. Suppose 0 = -2*g + 3*g - 3. Suppose c + g*o - 3 = 0, 5*c = -o - o + 2. What is the tens digit of y(c)?
4
Let q be 0 + -2 - -1 - (-7 + 10). What is the tens digit of (q/(-6))/(-2*7/(-588))?
2
Let u(z) = z**3 - 11*z**2 - 8*z + 3. Let t be u(11). What is the tens digit of (-400)/(-125)*t/(-2)?
3
Let o = 881 - 562. What is the hundreds digit of o?
3
Let w be ((-2)/((-2)/(-3)))/(-1). Suppose -3*a = -2*n + 105, -243 = -2*n - w*n + a. What is the units digit of n?
8
Let l = -1 + 9. Let r = -3 + l. Suppose -r*u = -21 - 54. What is the tens digit of u?
1
Suppose 122*i = 125*i - 252. What is the tens digit of i?
8
Let d = -36 - -40. Suppose 38 = -4*r - 2*a + 132, 3*a - 93 = -d*r. What is the units digit of r?
4
Let z(v) = 6*v - 42. Let b be z(8). Let n = 4 - 4. Let o = n + b. What is the units digit of o?
6
Let l(v) = -168*v. Let a be l(5). Let h be (3/(-4))/((-7)/a). Let b = h - -126. What is the tens digit of b?
3
Let n = 392 + -336. Suppose -6 + 8 = c. Suppose -y - 3*w = -52, -3*w = y - c*w - n. What is the tens digit of y?
5
Let y = 158 + 312. What is the units digit of y?
0
Suppose h - 763 = -h + l, 2*l + 1907 = 5*h. What is the tens digit of h?
8
Let j = 27 + -24. Suppose 0*s - 243 = -3*w + 3*s, -3*w - j*s + 237 = 0. What is the units digit of w?
0
Suppose t = -5*s + 24, -2*t - t - 8 = -s. Let p be t*(3 + 1 - 4). Suppose 4*i + p*x = 5*x + 137, 2*i - 4*x = 76. What is the tens digit of i?
2
Let k = 300 + -194. What is the units digit of k?
6
Let a(f) = 32*f**3 - 33*f - 10. What is the units digit of a(5)?
5
Let v(u) = -184*u + 6. Let a be v(-3). Suppose 7*m - a = m. What is the tens digit of m?
9
Suppose 0 = 2*k - 6*k. Suppose 3*o - o + 2*p - 90 = k, 0 = -5*o + 5*p + 185. What is the tens digit of o?
4
What is the units digit of (-57630)/(-90) - (-1)/(-3)?
0
Suppose -56*d = 2567 - 98215. What is the tens digit of d?
0
Let r be ((-5)/3)/((-10)/150). Suppose -q = -2*d - 0 + 5, r = -2*d - 5*q. Suppose d = -6*o + 2*o + 132. What is the units digit of o?
3
Let l = 290 + -192. What is the tens digit of l?
9
Suppose 5*b + 12 = 7. Let a be 12/((-2 - -4) + b). Let x = 16 + a. What is the units digit of x?
8
Let u(f) = 5*f**2 - 7*f + 50. Let r be u(8). Suppose -62 = -2*s + r. What is the units digit of s?
8
Let y = 9437 - 6273. What is the thousands digit of y?
3
Suppose -4*g + 4*n - 116 = 0, -4*g + 2*n = 34 + 80. Let r be (1 - -1)*(-70)/g. Suppose 6 = r*c + 16, -2*c - 55 = -3*h. What is the units digit of h?
7
Let s be (-5)/2 + (-66)/(-12). What is the tens digit of 102 + -4 + -1 - s?
9
Let z(l) = 87*l - 16. Let o(x) = -43*x + 7. Let y(n) = -5*o(n) - 3*z(n). What is the hundreds digit of y(-4)?
1
Let o be (120/(-35))/4*-49. Suppose 4*n = 2*q - o, -2*n = 5*q - 0*n - 81. Let m = q - 12. What is the units digit of m?
5
Suppose 16*c + 19*c = 25795. What is the hundreds digit of c?
7
Suppose -78 = -4*c + 2*c. Let w = -21 + c. What is the tens digit of w?
1
Let r = -326 + 664. What is the units digit of r?
8
Let o = 1874 + -1080. What is the units digit of o?
4
Let y be -6*1*(-10)/20. Suppose 6*q = d + 8*q - 46, 5*d - y*q - 191 = 0. What is the units digit of d?
0
Let g = -9 - -39. Suppose -4*r - 5*h = -r - 37, 11 = 4*r - h. What is the units digit of (r + g/(-9))*3?
2
Let n be 5/3*171/95. Suppose n*t = -8*t + 1364. What is the tens digit of t?
2
Let t be (6/4)/((-57)/418). Let m be (-4)/(-6) - 194/(-6). What is the units digit of m/(-3)*(4 + t)?
7
Suppose n = j - 792, -2*n - j = -2*j + 1585. What is the units digit of (n/26)/((-1)/2)?
1
Let m(h) be the first derivative of h**4/12 - 3*h**3/2 + h**2 + 6*h + 5. Let j(o) be the first derivative of m(o). What is the units digit of j(10)?
2
Let s(o) = 2*o**2 + 2*o - 1. Let r be s(-2). What is the units digit of 1/(r + (-200)/68)?
7
Let g(v) = v**3 + 8*v**2 - 10*v - 7. Let a be g(-9). What is the hundreds digit of (a - (-12)/(-9)) + (-5299)/(-21)?
2
Let l = 22 - 15. Suppose -l*b + 185 = -2*b. What is the tens digit of b?
3
Let v = -10 + 70. Let o = -113 - -90. Let w = v + o. What is the units digit of w?
7
Let b(g) = -g**2 - 7*g + 8. Let d be b(-8). Suppose -3*z - z + 5*k + 256 = 0, -5*z + 3*k + 320 = d. What is the tens digit of 6*(-1)/((-12)/z)?
3
Suppose -45 = r - 2*r. Let u = 20 - r. Let t = 26 + u. What is the units digit of t?
1
Suppose 124*u = 123*u + 312. What is the units digit of u?
2
Let b(g) = -158*g**3 - 2*g**2 - 13*g - 2. What is the thousands digit of b(-2)?
1
Let x(v) = 52*v**2 - 44*v - 3. What is the tens digit of x(3)?
3
Let n be 0*(1 - (-6)/(-8)). Suppose n = 2*h - 5*h + 57. Suppose 3*r + 4*c - 48 = -r, 0 = -2*r + 3*c + h. What is the tens digit of r?
1
What is the hundreds digit of 86/817 - (439344/(-57))/2?
8
Let a(t) = 18*t + 10*t**2 - 9 - 6*t - 5*t. What is the units digit of a(-6)?
9
Let v(i) = 8*i**2 + 4*i - 116. What is the tens digit of v(12)?
8
Let p be 16/(-2 - 2) + -1. Let k be 4 + p + 12*-1. Let n(q) = q**3 + 13*q**2 + q + 16. What is the units digit of n(k)?
3
Let u be 524/5 - (-4)/20. Let k = -27 + u. What is the tens digit of k?
7
What is the units digit of 27*(3 - (-6)/1)?
3
Let s be (-10)/(-3) - (-2)/3. Suppose 3*m = q - m + 14, 2 = 5*q + s*m. Let k(b) = b**2 - b + 1. What is the units digit of k(q)?
7
Suppose 0 = 2*r + 388*g - 386*g - 2992, -3*r + 4523 = -4*g. What is the thousands digit of r?
1
Let o(d) be the second derivative of -d**6/360 + 11*d**5/120 + d**4/4 - d**3/3 - 6*d. Let u(f) be the second derivative of o(f). What is the tens digit of u(8)?
3
Suppose -21*c = -24*c. Suppose c = -4*g + 91 + 29. What is the units digit of g?
0
Suppose -12*c = -33145 + 8917. What is the thousands digit of c?
2
Suppose -10343 = -20*m + 16277. What is the thousands digit of m?
1
Suppose 5*k = -3*a + 1505, 497 + 507 = 2*a + 4*k. Let m = a - 347. What is the units digit of m?
3
Let k = 38 - 13. Let p be 9/3*2/3. Suppose -p*a + k = -21. What is the units digit of a?
3
Let j = 33 - 29. Let d(h) = -h + 4. Let t be d(j). Suppose t*u + 62 = 2*u. What is the tens digit of u?
3
Suppose 0 = -4*v - 2*u + 838, -5*v = -u - 2*u - 1064. What is the units digit of v?
1
Let q(z) = 7*z - 2. Suppose 18 = 4*g + 6. What is the tens digit of q(g)?
1
Let d(t) = -2*t**2 + 2*t + 1. Let v be d(0). Let a(y) = 122*y**3 + 3*y**2 - 4*y + 2. What is the tens digit of a(v)?
2
What is the hundreds digit of 1589/3 + 1*18/(-27)?
5
Suppose 4*h - 116 - 232 = -r, 82 = h - r. What is the units digit of h?
6
Let q = -27 + -4. Let k be -17 + -2 + 13 + -9. Let d = k - q. What is the tens digit of d?
1
Suppose b = 2*o + 15, 0 = 4*b - 5*b - o. Suppose 3*u - 2*u + 624 = b*g, -3*g + 3*u = -384. What is the hundreds digit of g?
1
Suppose 5*h - 654 = 7151. What is the thousands digit of h?
1
Let s(r) = 74*r - 27. What is the units digit of s(3)?
5
Suppose -540*l - 55116 = -552*l. What is the units digit of l?
3
Let r(h) = -h**3 - 7*h**2 + 7*h - 6. Let z be r(-8). What is the units digit of (0 + z)*330/12?
5
Suppose -2 - 13 = d. Let s be (-12)/10*d/(-6). What is the tens digit of 0 - -13 - (s + 0)?
1
Let s(l) = l**2 + 8*l + 86. What is the units digit of s(-19)?
5
Let u(r) = r**2 - 5*r + 5. Let z(y) = -y**3 - 14*y**2